1478831?
23, 113, 569
What are the prime factors of 449956?
2, 13, 17, 509
List the prime factors of 4146284.
2, 59, 17569
What are the prime factors of 2386112?
2, 23, 1621
List the prime factors of 2378684.
2, 7, 11, 7723
What are the prime factors of 2756716?
2, 59, 11681
What are the prime factors of 4604306?
2, 7, 31, 103
List the prime factors of 262418.
2, 13, 10093
List the prime factors of 105153.
3, 35051
What are the prime factors of 224824?
2, 157, 179
List the prime factors of 4589153.
83, 55291
List the prime factors of 186941.
19, 9839
List the prime factors of 760564.
2, 7, 23, 1181
List the prime factors of 1295502.
2, 3, 13, 17, 977
What are the prime factors of 127427?
79, 1613
List the prime factors of 21660297.
3, 2039, 3541
What are the prime factors of 56462?
2, 7, 37, 109
What are the prime factors of 458113?
29, 15797
List the prime factors of 702023.
7, 14327
List the prime factors of 3559655.
5, 11, 61, 1061
List the prime factors of 119017.
17, 7001
What are the prime factors of 1003162?
2, 19, 26399
What are the prime factors of 12987746?
2, 71, 91463
List the prime factors of 451147.
97, 4651
List the prime factors of 18504081.
3, 19, 108211
What are the prime factors of 337616?
2, 21101
List the prime factors of 582943.
479, 1217
List the prime factors of 16068206.
2, 7, 11, 103, 1013
List the prime factors of 245915.
5, 137, 359
List the prime factors of 215638.
2, 137, 787
What are the prime factors of 194141?
194141
List the prime factors of 62138.
2, 31069
What are the prime factors of 50684?
2, 12671
What are the prime factors of 159608?
2, 71, 281
List the prime factors of 1514082.
2, 3, 277, 911
List the prime factors of 294619.
13, 131, 173
List the prime factors of 12360370.
2, 5, 11, 313, 359
What are the prime factors of 18235099?
31, 588229
List the prime factors of 757180.
2, 5, 17, 131
What are the prime factors of 176957?
11, 16087
List the prime factors of 18354683.
257, 71419
What are the prime factors of 2386947?
3, 795649
List the prime factors of 928753.
7, 132679
List the prime factors of 7138894.
2, 7, 509921
What are the prime factors of 26087421?
3, 8695807
What are the prime factors of 11909438?
2, 167, 181, 197
What are the prime factors of 37926?
2, 3, 7, 43
List the prime factors of 10484063.
181, 57923
List the prime factors of 2258000.
2, 5, 1129
List the prime factors of 7633681.
11, 101, 6871
What are the prime factors of 1339659?
3, 37, 149
List the prime factors of 3218673.
3, 859, 1249
List the prime factors of 15178843.
37, 410239
What are the prime factors of 180514?
2, 43, 2099
What are the prime factors of 282807?
3, 7, 67
List the prime factors of 551408.
2, 11, 13, 241
What are the prime factors of 284475?
3, 5, 3793
List the prime factors of 613138.
2, 113, 2713
What are the prime factors of 2967754?
2, 31, 151, 317
What are the prime factors of 834302?
2, 7, 23, 2591
What are the prime factors of 43299?
3, 17, 283
List the prime factors of 71058.
2, 3, 13, 911
What are the prime factors of 707900?
2, 5, 7079
List the prime factors of 14401931.
1327, 10853
What are the prime factors of 106133?
211, 503
List the prime factors of 917220.
2, 3, 5, 15287
What are the prime factors of 9088393?
2503, 3631
What are the prime factors of 2861040?
2, 3, 5, 7, 13, 131
What are the prime factors of 16844615?
5, 3368923
What are the prime factors of 738662?
2, 369331
List the prime factors of 922938.
2, 3, 101, 1523
What are the prime factors of 536501?
7, 10949
What are the prime factors of 8018857?
7, 11, 223, 467
What are the prime factors of 64850?
2, 5, 1297
What are the prime factors of 1631541?
3, 17, 31991
List the prime factors of 586168.
2, 11, 6661
List the prime factors of 9920040.
2, 3, 5, 13, 6359
List the prime factors of 18195295.
5, 31, 117389
What are the prime factors of 3311236?
2, 827809
What are the prime factors of 271296?
2, 3, 157
What are the prime factors of 97710?
2, 3, 5, 3257
What are the prime factors of 5272112?
2, 109, 3023
What are the prime factors of 3057483?
3, 11, 13, 7127
List the prime factors of 1250461.
1250461
List the prime factors of 1058706.
2, 3, 11, 5347
List the prime factors of 111432.
2, 3, 4643
What are the prime factors of 3892953?
3, 1297651
What are the prime factors of 733913?
19, 107
What are the prime factors of 2448421?
1013, 2417
List the prime factors of 66028.
2, 17, 971
List the prime factors of 1703323.
1703323
List the prime factors of 16997.
23, 739
What are the prime factors of 2710871?
17, 159463
List the prime factors of 7972350.
2, 3, 5, 53149
What are the prime factors of 1333404?
2, 3, 37039
List the prime factors of 2377260.
2, 3, 5, 47, 281
What are the prime factors of 254207?
254207
What are the prime factors of 398961?
3, 97, 457
What are the prime factors of 235319?
7, 33617
What are the prime factors of 4600801?
4600801
List the prime factors of 3040070.
2, 5, 11, 29, 953
List the prime factors of 2030568.
2, 3, 19, 61, 73
What are the prime factors of 791622?
2, 3, 13, 17, 199
What are the prime factors of 8577507?
3, 547, 5227
What are the prime factors of 288891?
3, 32099
List the prime factors of 6235727.
6235727
List the prime factors of 10599726.
2, 3, 61, 28961
What are the prime factors of 32202720?
2, 3, 5, 11, 19, 107
What are the prime factors of 263897?
163, 1619
List the prime factors of 1482921.
3, 11, 4993
What are the prime factors of 104827?
104827
What are the prime factors of 2462644?
2, 615661
List the prime factors of 1631527.
59, 27653
List the prime factors of 44774.
2, 61, 367
List the prime factors of 6969580.
2, 5, 19, 18341
What are the prime factors of 52630?
2, 5, 19, 277
What are the prime factors of 295131?
3, 98377
List the prime factors of 5855789.
107, 54727
List the prime factors of 1124495.
5, 239, 941
List the prime factors of 301361.
301361
What are the prime factors of 12283282?
2, 11, 17, 32843
What are the prime factors of 14242268?
2, 31, 331, 347
List the prime factors of 417750.
2, 3, 5, 557
List the prime factors of 286435.
5, 57287
What are the prime factors of 126533?
11, 11503
What are the prime factors of 3006279?
3, 334031
List the prime factors of 2378827.
11, 17, 12721
What are the prime factors of 163836?
2, 3, 37, 41
List the prime factors of 7294395.
3, 5, 486293
List the prime factors of 11989.
19, 631
List the prime factors of 2894639.
11, 79, 3331
List the prime factors of 2041164.
2, 3, 31, 59
List the prime factors of 9960335.
5, 7, 11, 41, 631
What are the prime factors of 300478?
2, 150239
What are the prime factors of 3955895?
5, 19, 41641
List the prime factors of 981197.
7, 140171
List the prime factors of 530135.
5, 229, 463
What are the prime factors of 406184?
2, 50773
List the prime factors of 7302380.
2, 5, 365119
What are the prime factors of 17930987?
563, 31849
List the prime factors of 254445.
3, 5, 16963
What are the prime factors of 2313296?
2, 163, 887
What are the prime factors of 6070170?
2, 3, 5, 202339
What are the prime factors of 1628545?
5, 325709
List the prime factors of 12221612.
2, 13, 97, 2423
List the prime factors of 3581018.
2, 7, 36541
List the prime factors of 8393564.
2, 2098391
What are the prime factors of 19785947?
1627, 12161
What are the prime factors of 143040?
2, 3, 5, 149
List the prime factors of 484787.
484787
List the prime factors of 67029.
3, 22343
List the prime factors of 8352739.
89, 93851
List the prime factors of 207745.
5, 41549
List the prime factors of 121482.
2, 3, 17, 397
List the prime factors of 385198.
2, 11, 17509
What are the prime factors of 3467890?
2, 5, 239, 1451
List the prime factors of 525227.
683, 769
List the prime factors of 14467652.
2, 3616913
What are the prime factors of 17117463?
3, 11, 53, 9787
What are the prime factors of 100400?
2, 5, 251
List the prime factors of 10152427.
10152427
List the prime factors of 13589882.
2, 373, 18217
List the prime factors of 265073.
139, 1907
List the prime factors of 34053234.
2, 3, 5675539
What are the prime factors of 9254816?
2, 289213
What are the prime factors of 11530566?
2, 3, 67, 3187
What are the prime factors of 1400490?
2, 3, 5, 7, 13, 19
What are the prime factors of 3158721?
3, 281, 1249
List the prime factors of 728